 is divided by 403.
63
What is the remainder when 35885 is divided by 255?
185
What is the remainder when 11412 is divided by 5704?
4
Calculate the remainder when 25654 is divided by 242.
2
Calculate the remainder when 121023 is divided by 25.
23
What is the remainder when 54703 is divided by 99?
55
What is the remainder when 1480917 is divided by 92?
85
What is the remainder when 249940 is divided by 11?
9
Calculate the remainder when 2757 is divided by 731.
564
Calculate the remainder when 145495 is divided by 250.
245
What is the remainder when 1999 is divided by 340?
299
What is the remainder when 14434 is divided by 33?
13
What is the remainder when 77400 is divided by 458?
456
What is the remainder when 848432 is divided by 282805?
17
What is the remainder when 3894 is divided by 777?
9
Calculate the remainder when 65823 is divided by 693.
681
Calculate the remainder when 27805 is divided by 1015.
400
What is the remainder when 328607 is divided by 28?
27
Calculate the remainder when 5877 is divided by 74.
31
What is the remainder when 6725 is divided by 330?
125
What is the remainder when 10870 is divided by 320?
310
What is the remainder when 168925 is divided by 114?
91
Calculate the remainder when 84959 is divided by 84950.
9
Calculate the remainder when 756 is divided by 148.
16
Calculate the remainder when 28663 is divided by 233.
4
Calculate the remainder when 1344326 is divided by 18.
14
Calculate the remainder when 42406 is divided by 73.
66
What is the remainder when 300575 is divided by 466?
5
Calculate the remainder when 11712 is divided by 61.
0
What is the remainder when 4053 is divided by 87?
51
Calculate the remainder when 16583 is divided by 145.
53
What is the remainder when 87406 is divided by 6243?
4
What is the remainder when 995090 is divided by 671?
668
Calculate the remainder when 44786 is divided by 14926.
8
Calculate the remainder when 88697 is divided by 845.
817
What is the remainder when 14025 is divided by 13989?
36
Calculate the remainder when 307096 is divided by 22.
20
Calculate the remainder when 1258 is divided by 15.
13
What is the remainder when 103803 is divided by 970?
13
Calculate the remainder when 208753 is divided by 196.
13
Calculate the remainder when 24552 is divided by 2454.
12
What is the remainder when 967878 is divided by 61?
52
Calculate the remainder when 3381 is divided by 141.
138
What is the remainder when 9988 is divided by 203?
41
Calculate the remainder when 5761 is divided by 165.
151
Calculate the remainder when 7535 is divided by 314.
313
Calculate the remainder when 101122 is divided by 18.
16
What is the remainder when 49282 is divided by 23?
16
What is the remainder when 81232 is divided by 81231?
1
What is the remainder when 44953 is divided by 67?
63
Calculate the remainder when 2249200 is divided by 35.
30
Calculate the remainder when 7331 is divided by 26.
25
What is the remainder when 4975 is divided by 331?
10
Calculate the remainder when 140951 is divided by 140944.
7
Calculate the remainder when 753 is divided by 384.
369
Calculate the remainder when 15699 is divided by 631.
555
Calculate the remainder when 55443 is divided by 132.
3
What is the remainder when 718 is divided by 7?
4
What is the remainder when 1606124 is divided by 36?
20
What is the remainder when 13850 is divided by 462?
452
What is the remainder when 119903 is divided by 2497?
47
What is the remainder when 395252 is divided by 5133?
11
What is the remainder when 2128 is divided by 1871?
257
What is the remainder when 36221 is divided by 15?
11
What is the remainder when 11479 is divided by 1628?
83
Calculate the remainder when 17351 is divided by 3299.
856
What is the remainder when 34742 is divided by 316?
298
Calculate the remainder when 3750 is divided by 9.
6
What is the remainder when 139 is divided by 54?
31
Calculate the remainder when 26495 is divided by 317.
184
What is the remainder when 12662 is divided by 72?
62
What is the remainder when 100282 is divided by 548?
546
What is the remainder when 3788 is divided by 655?
513
What is the remainder when 1006 is divided by 276?
178
Calculate the remainder when 35006 is divided by 15.
11
What is the remainder when 3350 is divided by 177?
164
Calculate the remainder when 92495 is divided by 74.
69
What is the remainder when 4959359 is divided by 1680?
1679
What is the remainder when 110435 is divided by 20?
15
Calculate the remainder when 1433 is divided by 1347.
86
Calculate the remainder when 61514 is divided by 69.
35
Calculate the remainder when 67303 is divided by 709.
657
Calculate the remainder when 12592 is divided by 359.
27
What is the remainder when 16738 is divided by 523?
2
Calculate the remainder when 7876 is divided by 983.
12
Calculate the remainder when 1262558 is divided by 12.
2
What is the remainder when 11043 is divided by 11042?
1
What is the remainder when 129374 is divided by 117?
89
What is the remainder when 888780 is divided by 118?
4
Calculate the remainder when 5207 is divided by 522.
509
Calculate the remainder when 1075 is divided by 179.
1
What is the remainder when 202195 is divided by 60?
55
What is the remainder when 8478 is divided by 926?
144
Calculate the remainder when 3145988 is divided by 77.
76
What is the remainder when 76328 is divided by 33?
32
Calculate the remainder when 52653 is divided by 16.
13
Calculate the remainder when 272042 is divided by 159.
152
Calculate the remainder when 14556 is divided by 415.
31
Calculate the remainder when 135 is divided by 52.
31
Calculate the remainder when 2557 is divided by 31.
15
Calculate the remainder when 7441 is divided by 111.
4
Calculate the remainder when 443211 is divided by 49245.
6
What is the remainder when 44688 is divided by 14895?
3
What is the remainder when 17439 is divided by 88?
15
Calculate the remainder when 6448 is divided by 73.
24
Calculate the remainder when 3798 is divided by 136.
126
What is the remainder when 886826 is divided by 21?
17
What is the remainder when 176849 is divided by 25256?
57
Calculate the remainder when 402269 is divided by 11.
10
Calculate the remainder when 1120 is divided by 1011.
109
Calculate the remainder when 17352 is divided by 140.
132
Calculate the remainder when 1217680 is divided by 135297.
7
Calculate the remainder when 1772 is divided by 219.
20
Calculate the remainder when 367983 is divided by 8.
7
What is the remainder when 9021 is divided by 1551?
1266
Calculate the remainder when 11681 is divided by 1459.
9
What is the remainder when 1372638 is divided by 72244?
2
Calculate the remainder when 4979 is divided by 226.
7
What is the remainder when 3486 is divided by 1641?
204
What is the remainder when 6635 is divided by 50?
35
What is the remainder when 182467 is divided by 26?
25
Calculate the remainder when 4113 is divided by 2029.
55
What is the remainder when 58900 is divided by 5354?
6
Calculate the remainder when 5535 is divided by 1816.
87
Calculate the remainder when 312 is divided by 9.
6
Calculate the remainder when 141677 is divided by 47220.
17
What is the remainder when 12059 is divided by 1721?
12
Calculate the remainder when 3564 is divided by 885.
24
Calculate the remainder when 3899 is divided by 303.
263
What is the remainder when 222837 is divided by 111408?
21
Calculate the remainder when 14862 is divided by 708.
702
Calculate the remainder when 9636 is divided by 166.
8
Calculate the remainder when 3860 is divided by 177.
143
Calculate the remainder when 291876 is divided by 51.
3
Calculate the remainder when 189337 is divided by 1176.
1
Calculate the remainder when 22232 is divided by 556.
548
What is the remainder when 108584 is divided by 54287?
10
What is the remainder when 2149362 is divided by 716451?
9
What is the remainder when 111850 is divided by 111849?
1
What is the remainder when 2856 is divided by 592?
488
What is the remainder when 208879 is divided by 618?
613
Calculate the remainder when 85265 is divided by 79.
24
What is the remainder when 1923 is divided by 128?
3
What is the remainder when 21492 is divided by 10705?
82
Calculate the remainder when 975 is divided by 471.
33
Calculate the remainder when 72530 is divided by 20.
10
What is the remainder when